{"id":260,"date":"2025-05-23T20:26:34","date_gmt":"2025-05-23T20:26:34","guid":{"rendered":"https:\/\/realmkt.com.br\/loja\/?post_type=product&#038;p=260"},"modified":"2025-05-23T20:26:34","modified_gmt":"2025-05-23T20:26:34","slug":"renovacao-certificado-pf-a3-3-anos","status":"publish","type":"product","link":"https:\/\/realmkt.com.br\/loja\/produto\/renovacao-certificado-pf-a3-3-anos\/","title":{"rendered":"RENOVA\u00c7\u00c3O CERTIFICADO PF A3 3 ANOS"},"content":{"rendered":"<div class=\"elementor-element elementor-element-fa5148c elementor-widget elementor-widget-heading\" data-id=\"fa5148c\" data-element_type=\"widget\" data-widget_type=\"heading.default\">\n<h1 class=\"elementor-heading-title elementor-size-default\">e-CPF A3 | Sem m\u00eddia<\/h1>\n<\/div>\n<div class=\"elementor-element elementor-element-b021c82 elementor-widget elementor-widget-text-editor\" data-id=\"b021c82\" data-element_type=\"widget\" data-widget_type=\"text-editor.default\">O e-CPF A3 \u00e9 um certificado da ICP-Brasil que identifica uma pessoa f\u00edsica, representando assim sua identidade no mundo digital, armazenado em meio criptogr\u00e1fico<\/div>\n","protected":false},"excerpt":{"rendered":"<p>Aten\u00e7\u00e3o: Esse item n\u00e3o inclui nenhuma m\u00eddia. Apenas o certificado para pessoa f\u00edsica e-CPF A3. \u00c9 necess\u00e1rio possuir uma m\u00eddia para uso do certificado.<\/p>\n","protected":false},"featured_media":173,"comment_status":"open","ping_status":"closed","template":"","meta":{"_joinchat":[]},"product_brand":[],"product_cat":[16,20,33],"product_tag":[],"class_list":{"0":"post-260","1":"product","2":"type-product","3":"status-publish","4":"has-post-thumbnail","6":"product_cat-certificado-digital","7":"product_cat-certificado-digital-pf","8":"product_cat-renovacao-certificado-digital-pf-a3","10":"first","11":"instock","12":"virtual","13":"purchasable","14":"product-type-simple"},"_links":{"self":[{"href":"https:\/\/realmkt.com.br\/loja\/wp-json\/wp\/v2\/product\/260","targetHints":{"allow":["GET"]}}],"collection":[{"href":"https:\/\/realmkt.com.br\/loja\/wp-json\/wp\/v2\/product"}],"about":[{"href":"https:\/\/realmkt.com.br\/loja\/wp-json\/wp\/v2\/types\/product"}],"replies":[{"embeddable":true,"href":"https:\/\/realmkt.com.br\/loja\/wp-json\/wp\/v2\/comments?post=260"}],"wp:featuredmedia":[{"embeddable":true,"href":"https:\/\/realmkt.com.br\/loja\/wp-json\/wp\/v2\/media\/173"}],"wp:attachment":[{"href":"https:\/\/realmkt.com.br\/loja\/wp-json\/wp\/v2\/media?parent=260"}],"wp:term":[{"taxonomy":"product_brand","embeddable":true,"href":"https:\/\/realmkt.com.br\/loja\/wp-json\/wp\/v2\/product_brand?post=260"},{"taxonomy":"product_cat","embeddable":true,"href":"https:\/\/realmkt.com.br\/loja\/wp-json\/wp\/v2\/product_cat?post=260"},{"taxonomy":"product_tag","embeddable":true,"href":"https:\/\/realmkt.com.br\/loja\/wp-json\/wp\/v2\/product_tag?post=260"}],"curies":[{"name":"wp","href":"https:\/\/api.w.org\/{rel}","templated":true}]}}