{"id":144,"date":"2025-05-19T17:29:38","date_gmt":"2025-05-19T17:29:38","guid":{"rendered":"https:\/\/realmkt.com.br\/loja\/?post_type=product&#038;p=144"},"modified":"2025-10-14T12:13:59","modified_gmt":"2025-10-14T12:13:59","slug":"certificado-digital-pj-a1","status":"publish","type":"product","link":"https:\/\/realmkt.com.br\/loja\/produto\/certificado-digital-pj-a1\/","title":{"rendered":"CERTIFICADO DIGITAL PJ A1"},"content":{"rendered":"<div class=\"elementor-element elementor-element-fa5148c elementor-widget elementor-widget-heading\" data-id=\"fa5148c\" data-element_type=\"widget\" data-widget_type=\"heading.default\">\n<h1 class=\"elementor-heading-title elementor-size-default\">e-CNPJ A1 | Arquivo<\/h1>\n<\/div>\n<div class=\"elementor-element elementor-element-b021c82 elementor-widget elementor-widget-text-editor\" data-id=\"b021c82\" data-element_type=\"widget\" data-widget_type=\"text-editor.default\">Identifique sua empresa eletronicamente e garanta mais seguran\u00e7a nas transa\u00e7\u00f5es online. Assine documentos digitalmente, emita notas fiscais e conecte-se com \u00f3rg\u00e3os governamentais sem sair de casa.<\/div>\n","protected":false},"excerpt":{"rendered":"<h2>Saiba mais sobre o e-CNPJ A1 | Arquivo<\/h2>\n<p>O certificado e-CNPJ A1 (arquivo) \u00e9 instalado em seu computador e se destaca por sua validade estendida de 12 meses, a partir da data de emiss\u00e3o. Vale lembrar que as distin\u00e7\u00f5es entre os certificados est\u00e3o associadas principalmente ao formato e ao processo de instala\u00e7\u00e3o.<\/p>\n","protected":false},"featured_media":26,"comment_status":"open","ping_status":"closed","template":"","meta":{"_joinchat":[]},"product_brand":[],"product_cat":[19],"product_tag":[],"class_list":{"0":"post-144","1":"product","2":"type-product","3":"status-publish","4":"has-post-thumbnail","6":"product_cat-certificado-digital-pj","8":"first","9":"instock","10":"sale","11":"virtual","12":"purchasable","13":"product-type-simple"},"_links":{"self":[{"href":"https:\/\/realmkt.com.br\/loja\/wp-json\/wp\/v2\/product\/144","targetHints":{"allow":["GET"]}}],"collection":[{"href":"https:\/\/realmkt.com.br\/loja\/wp-json\/wp\/v2\/product"}],"about":[{"href":"https:\/\/realmkt.com.br\/loja\/wp-json\/wp\/v2\/types\/product"}],"replies":[{"embeddable":true,"href":"https:\/\/realmkt.com.br\/loja\/wp-json\/wp\/v2\/comments?post=144"}],"wp:featuredmedia":[{"embeddable":true,"href":"https:\/\/realmkt.com.br\/loja\/wp-json\/wp\/v2\/media\/26"}],"wp:attachment":[{"href":"https:\/\/realmkt.com.br\/loja\/wp-json\/wp\/v2\/media?parent=144"}],"wp:term":[{"taxonomy":"product_brand","embeddable":true,"href":"https:\/\/realmkt.com.br\/loja\/wp-json\/wp\/v2\/product_brand?post=144"},{"taxonomy":"product_cat","embeddable":true,"href":"https:\/\/realmkt.com.br\/loja\/wp-json\/wp\/v2\/product_cat?post=144"},{"taxonomy":"product_tag","embeddable":true,"href":"https:\/\/realmkt.com.br\/loja\/wp-json\/wp\/v2\/product_tag?post=144"}],"curies":[{"name":"wp","href":"https:\/\/api.w.org\/{rel}","templated":true}]}}